{"id":3,"date":"2023-05-19T18:18:43","date_gmt":"2023-05-19T16:18:43","guid":{"rendered":"http:\/\/les-arias-grandest.fr\/?page_id=3"},"modified":"2023-06-15T17:41:35","modified_gmt":"2023-06-15T15:41:35","slug":"politique-de-confidentialite","status":"publish","type":"page","link":"https:\/\/les-arias-grandest.fr\/index.php\/colibri-wp\/politique-de-confidentialite\/","title":{"rendered":"Politique de confidentialit\u00e9 et mentions l\u00e9gales"},"content":{"rendered":"<p><span style=\"font-size: 12pt;\"><\/span><\/p>\r\n<h2 class=\"wp-block-heading\"><span style=\"font-size: 12pt;\">Qui sommes-nous\u00a0?<\/span><\/h2>\r\n<p><span style=\"font-size: 12pt;\">\r\n\r\n<\/span><\/p>\r\n<p><span style=\"font-size: 12pt;\"><strong>AGRIA GRAND EST\u00a0<\/strong><\/span><\/p>\r\n<p><span style=\"font-size: 12pt;\"><strong>\u00a0<\/strong>2, rue du Doyen Marcel Roubault B\u00e2timent G\u00e9ologie &#8211; BP 10162\u00a0 54500 Vand\u0153uvre-L\u00e8s-Nancy<\/span><\/p>\r\n<p><span style=\"font-size: 12pt;\"><a href=\"http:\/\/www.iaa-lorraine.fr\/\" target=\"_blank\" rel=\"noopener\">www.iaa-lorraine.fr<\/a><\/span><\/p>\r\n<p>&nbsp;<\/p>\r\n<p><span style=\"font-size: 12pt;\"><strong>CLUB i3A CHAMPAGNE ARDENNE<\/strong><\/span><\/p>\r\n<p><span style=\"font-size: 12pt;\">1 bd Charles Baltet<\/span><br \/><span style=\"font-size: 12pt;\">10000 TROYES<\/span><br \/><span style=\"font-size: 12pt;\">03 25 43 36 22<\/span><br \/><span style=\"font-size: 12pt;\"><a href=\"http:\/\/www.clubi3a.com\/\" target=\"_blank\" rel=\"noopener\">www.clubi3a.com<\/a><\/span><\/p>\r\n<p>&nbsp;<\/p>\r\n<p><span style=\"font-size: 12pt;\"><strong>ARIA ALSACE<\/strong><\/span><\/p>\r\n<p><span style=\"font-size: 12pt;\">3 quai Kl\u00e9ber<\/span><br \/><span style=\"font-size: 12pt;\">67000 STRASBOURG<\/span><br \/><span style=\"font-size: 12pt;\">03 88 35 40 63<\/span><br \/><span style=\"font-size: 12pt;\"><a href=\"http:\/\/www.aria-alsace.com\/\" target=\"_blank\" rel=\"noopener\">www.aria-alsace.com<\/a><\/span><\/p>\r\n<p><span style=\"font-size: 12pt;\">\r\n\r\n<\/span><\/p>\r\n<h2 class=\"wp-block-heading\"><span style=\"font-size: 12pt;\">Commentaires<\/span><\/h2>\r\n<p><span style=\"font-size: 12pt;\">\r\n\r\n<\/span><\/p>\r\n<p><span style=\"font-size: 12pt;\">Quand vous laissez un commentaire sur notre site, les donn\u00e9es inscrites dans le formulaire de commentaire, ainsi que votre adresse IP et l\u2019agent utilisateur de votre navigateur sont collect\u00e9s pour nous aider \u00e0 la d\u00e9tection des commentaires ind\u00e9sirables.<\/span><\/p>\r\n<p><span style=\"font-size: 12pt;\">\r\n\r\n<\/span><\/p>\r\n<p><span style=\"font-size: 12pt;\">Une cha\u00eene anonymis\u00e9e cr\u00e9\u00e9e \u00e0 partir de votre adresse e-mail (\u00e9galement appel\u00e9e hash) peut \u00eatre envoy\u00e9e au service Gravatar pour v\u00e9rifier si vous utilisez ce dernier. Les clauses de confidentialit\u00e9 du service Gravatar sont disponibles ici\u00a0: https:\/\/automattic.com\/privacy\/. Apr\u00e8s validation de votre commentaire, votre photo de profil sera visible publiquement \u00e0 cot\u00e9 de votre commentaire.<\/span><\/p>\r\n<p><span style=\"font-size: 12pt;\">\r\n\r\n<\/span><\/p>\r\n<h2 class=\"wp-block-heading\"><span style=\"font-size: 12pt;\">M\u00e9dias<\/span><\/h2>\r\n<p><span style=\"font-size: 12pt;\">\r\n\r\n<\/span><\/p>\r\n<p><span style=\"font-size: 12pt;\">Si vous t\u00e9l\u00e9versez des images sur le site, nous vous conseillons d\u2019\u00e9viter de t\u00e9l\u00e9verser des images contenant des donn\u00e9es EXIF de coordonn\u00e9es GPS. Les personnes visitant votre site peuvent t\u00e9l\u00e9charger et extraire des donn\u00e9es de localisation depuis ces images.<\/span><\/p>\r\n<p><span style=\"font-size: 12pt;\"><strong>Cr\u00e9dits<\/strong><\/span><br \/><span style=\"font-size: 12pt;\">H\u00e9bergement : OVH<\/span><br \/><span style=\"font-size: 12pt;\">Conception, d\u00e9veloppement : Les ARIAS du Grand Est (Yildiz HOBERE)<\/span><br \/><span style=\"font-size: 12pt;\">Cr\u00e9dits photos : Fotolia, Les ARIAS du Grand Est (ARIA Alsace, Savourez la Champagne Ardenne, Agria Grand Est), <span class=\"TextRun SCXW44964434 BCX0\" lang=\"FR-FR\" xml:lang=\"FR-FR\" data-contrast=\"auto\"><span class=\"NormalTextRun SCXW44964434 BCX0\">Guilleminot traiteur,<\/span><\/span> C<span class=\"NormalTextRun SCXW183555007 BCX0\">harcuterie <\/span><span class=\"NormalTextRun SpellingErrorV2Themed SCXW183555007 BCX0\">Demoizet, <span class=\"TextRun SCXW121612488 BCX0\" lang=\"DE-DE\" xml:lang=\"DE-DE\" data-contrast=\"auto\"><span class=\"NormalTextRun SpellingErrorV2Themed SpellingErrorHighlight SCXW121612488 BCX0\">Parmentine, <span class=\"TextRun SCXW73121645 BCX0\" lang=\"FR-FR\" xml:lang=\"FR-FR\" data-contrast=\"auto\"><span class=\"NormalTextRun SCXW73121645 BCX0\">Biscuits Fossier, <span class=\"TextRun SCXW75218707 BCX0\" lang=\"FR-FR\" xml:lang=\"FR-FR\" data-contrast=\"auto\"><span class=\"NormalTextRun SCXW75218707 BCX0\">Fromagerie <\/span><span class=\"NormalTextRun SpellingErrorV2Themed SCXW75218707 BCX0\">Lincet, <span class=\"TextRun SCXW68899800 BCX0\" lang=\"FR-FR\" xml:lang=\"FR-FR\" data-contrast=\"auto\"><span class=\"NormalTextRun SCXW68899800 BCX0\">Huguier Fr\u00e8res, Pixabay, Unsplash,<\/span><\/span><\/span><\/span><\/span><\/span><\/span><\/span><\/span><\/span><\/p>\r\n<p><span style=\"font-size: 12pt;\">\r\n\r\n<\/span><\/p>\r\n<h2 class=\"wp-block-heading\"><span style=\"font-size: 12pt;\">Cookies<\/span><\/h2>\r\n<p><span style=\"font-size: 12pt;\">\r\n\r\n<\/span><\/p>\r\n<p><span style=\"font-size: 12pt;\">Si vous d\u00e9posez un commentaire sur notre site, il vous sera propos\u00e9 d\u2019enregistrer votre nom, adresse e-mail et site dans des cookies. C\u2019est uniquement pour votre confort afin de ne pas avoir \u00e0 saisir ces informations si vous d\u00e9posez un autre commentaire plus tard. Ces cookies expirent au bout d\u2019un an.<\/span><\/p>\r\n<p><span style=\"font-size: 12pt;\">\r\n\r\n<\/span><\/p>\r\n<p><span style=\"font-size: 12pt;\">Si vous vous rendez sur la page de connexion, un cookie temporaire sera cr\u00e9\u00e9 afin de d\u00e9terminer si votre navigateur accepte les cookies. Il ne contient pas de donn\u00e9es personnelles et sera supprim\u00e9 automatiquement \u00e0 la fermeture de votre navigateur.<\/span><\/p>\r\n<p><span style=\"font-size: 12pt;\">\r\n\r\n<\/span><\/p>\r\n<p><span style=\"font-size: 12pt;\">Lorsque vous vous connecterez, nous mettrons en place un certain nombre de cookies pour enregistrer vos informations de connexion et vos pr\u00e9f\u00e9rences d\u2019\u00e9cran. La dur\u00e9e de vie d\u2019un cookie de connexion est de deux jours, celle d\u2019un cookie d\u2019option d\u2019\u00e9cran est d\u2019un an. Si vous cochez \u00ab\u00a0Se souvenir de moi\u00a0\u00bb, votre cookie de connexion sera conserv\u00e9 pendant deux semaines. Si vous vous d\u00e9connectez de votre compte, le cookie de connexion sera effac\u00e9.<\/span><\/p>\r\n<p><span style=\"font-size: 12pt;\">\r\n\r\n<\/span><\/p>\r\n<p><span style=\"font-size: 12pt;\">En modifiant ou en publiant une publication, un cookie suppl\u00e9mentaire sera enregistr\u00e9 dans votre navigateur. Ce cookie ne comprend aucune donn\u00e9e personnelle. Il indique simplement l\u2019ID de la publication que vous venez de modifier. Il expire au bout d\u2019un jour.<\/span><\/p>\r\n<p><span style=\"font-size: 12pt;\">\r\n\r\n<\/span><\/p>\r\n<h2 class=\"wp-block-heading\"><span style=\"font-size: 12pt;\">Contenu embarqu\u00e9 depuis d\u2019autres sites<\/span><\/h2>\r\n<p><span style=\"font-size: 12pt;\">\r\n\r\n<\/span><\/p>\r\n<p><span style=\"font-size: 12pt;\">Les articles de ce site peuvent inclure des contenus int\u00e9gr\u00e9s (par exemple des vid\u00e9os, images, articles\u2026). Le contenu int\u00e9gr\u00e9 depuis d\u2019autres sites se comporte de la m\u00eame mani\u00e8re que si le visiteur se rendait sur cet autre site.<\/span><\/p>\r\n<p><span style=\"font-size: 12pt;\">\r\n\r\n<\/span><\/p>\r\n<p><span style=\"font-size: 12pt;\">Ces sites web pourraient collecter des donn\u00e9es sur vous, utiliser des cookies, embarquer des outils de suivis tiers, suivre vos interactions avec ces contenus embarqu\u00e9s si vous disposez d\u2019un compte connect\u00e9 sur leur site web.<\/span><\/p>\r\n<p><span style=\"font-size: 12pt;\">\r\n\r\n<\/span><\/p>\r\n<h2 class=\"wp-block-heading\"><span style=\"font-size: 12pt;\">Utilisation et transmission de vos donn\u00e9es personnelles<\/span><\/h2>\r\n<p><span style=\"font-size: 12pt;\">\r\n\r\n<\/span><\/p>\r\n<p><span style=\"font-size: 12pt;\">Sur certaines de nos pages (\u00ab\u00a0Contact\u00a0\u00bb, \u00ab\u00a0Ev\u00e8nement\u00a0\u00bb), il peut vous \u00eatre demand\u00e9 de nous communiquer volontairement des informations \u00e0 caract\u00e8re personnel telles que vos nom, adresse ou adresse e-mail.<\/span><br \/><span style=\"font-size: 12pt;\">Ces informations sont n\u00e9cessaires pour nous permettre de r\u00e9pondre \u00e0 vos commentaires ou demandes de renseignements.<\/span><br \/><span style=\"font-size: 12pt;\"><em>Notez bien qu\u2019il n\u2019est pas dans notre intention de vous adresser spontan\u00e9ment des e-mails, c\u2019est-\u00e0-dire sans que vous n\u2019ayez sollicit\u00e9 une r\u00e9ponse de notre part.<\/em><\/span><\/p>\r\n<p><span style=\"font-size: 12pt;\">Si vous demandez une r\u00e9initialisation de votre mot de passe, votre adresse IP sera incluse dans l\u2019e-mail de r\u00e9initialisation.<\/span><\/p>\r\n<p><span style=\"font-size: 12pt;\">\r\n\r\n<\/span><\/p>\r\n<h2 class=\"wp-block-heading\"><span style=\"font-size: 12pt;\">Dur\u00e9es de stockage de vos donn\u00e9es<\/span><\/h2>\r\n<p><span style=\"font-size: 12pt;\">\r\n\r\n<\/span><\/p>\r\n<p><span style=\"font-size: 12pt;\">Si vous laissez un commentaire, le commentaire et ses m\u00e9tadonn\u00e9es sont conserv\u00e9s ind\u00e9finiment. Cela permet de reconna\u00eetre et approuver automatiquement les commentaires suivants au lieu de les laisser dans la file de mod\u00e9ration.<\/span><\/p>\r\n<p><span style=\"font-size: 12pt;\">\r\n\r\n<\/span><\/p>\r\n<p><span style=\"font-size: 12pt;\">Pour les comptes qui s\u2019inscrivent sur notre site (le cas \u00e9ch\u00e9ant), nous stockons \u00e9galement les donn\u00e9es personnelles indiqu\u00e9es dans leur profil. Tous les comptes peuvent voir, modifier ou supprimer leurs informations personnelles \u00e0 tout moment (\u00e0 l\u2019exception de leur identifiant). Les gestionnaires du site peuvent aussi voir et modifier ces informations.<\/span><\/p>\r\n<p><span style=\"font-size: 12pt;\">\r\n\r\n<\/span><\/p>\r\n<h2 class=\"wp-block-heading\"><span style=\"font-size: 12pt;\">Les droits que vous avez sur vos donn\u00e9es<\/span><\/h2>\r\n<p><span style=\"font-size: 12pt;\">\r\n\r\n<\/span><\/p>\r\n<p><span style=\"font-size: 12pt;\">Si vous avez un compte ou si vous avez laiss\u00e9 des commentaires sur le site, vous pouvez demander \u00e0 recevoir un fichier contenant toutes les donn\u00e9es personnelles que nous poss\u00e9dons \u00e0 votre sujet, incluant celles que vous nous avez fournies. Vous pouvez \u00e9galement demander la suppression des donn\u00e9es personnelles vous concernant. Cela ne prend pas en compte les donn\u00e9es stock\u00e9es \u00e0 des fins administratives, l\u00e9gales ou pour des raisons de s\u00e9curit\u00e9.<\/span><\/p>\r\n<p><span style=\"font-size: 12pt;\">\r\n\r\n<\/span><\/p>\r\n<h2 class=\"wp-block-heading\"><span style=\"font-size: 12pt;\">Transmission de vos donn\u00e9es personnelles<\/span><\/h2>\r\n<p><span style=\"font-size: 12pt;\">\r\n\r\n<\/span><\/p>\r\n<p><span style=\"font-size: 12pt;\">Les commentaires des visiteurs peuvent \u00eatre v\u00e9rifi\u00e9s \u00e0 l\u2019aide d\u2019un service automatis\u00e9 de d\u00e9tection des commentaires ind\u00e9sirables.<\/span><\/p>\r\n<p><span style=\"font-size: 12pt;\"><\/span><\/p>","protected":false},"excerpt":{"rendered":"<p>Qui sommes-nous\u00a0? AGRIA GRAND EST\u00a0 \u00a02, rue du Doyen Marcel Roubault B\u00e2timent G\u00e9ologie &#8211; BP 10162\u00a0 54500 Vand\u0153uvre-L\u00e8s-Nancy www.iaa-lorraine.fr &nbsp; CLUB i3A CHAMPAGNE ARDENNE 1 bd Charles Baltet10000 TROYES03 25 [&hellip;]<\/p>\n","protected":false},"author":1,"featured_media":0,"parent":37,"menu_order":0,"comment_status":"closed","ping_status":"open","template":"","meta":{"om_disable_all_campaigns":false,"_monsterinsights_skip_tracking":false,"_monsterinsights_sitenote_active":false,"_monsterinsights_sitenote_note":"","_monsterinsights_sitenote_category":0,"footnotes":""},"class_list":["post-3","page","type-page","status-publish","hentry"],"aioseo_notices":[],"_links":{"self":[{"href":"https:\/\/les-arias-grandest.fr\/index.php\/wp-json\/wp\/v2\/pages\/3","targetHints":{"allow":["GET"]}}],"collection":[{"href":"https:\/\/les-arias-grandest.fr\/index.php\/wp-json\/wp\/v2\/pages"}],"about":[{"href":"https:\/\/les-arias-grandest.fr\/index.php\/wp-json\/wp\/v2\/types\/page"}],"author":[{"embeddable":true,"href":"https:\/\/les-arias-grandest.fr\/index.php\/wp-json\/wp\/v2\/users\/1"}],"replies":[{"embeddable":true,"href":"https:\/\/les-arias-grandest.fr\/index.php\/wp-json\/wp\/v2\/comments?post=3"}],"version-history":[{"count":0,"href":"https:\/\/les-arias-grandest.fr\/index.php\/wp-json\/wp\/v2\/pages\/3\/revisions"}],"up":[{"embeddable":true,"href":"https:\/\/les-arias-grandest.fr\/index.php\/wp-json\/wp\/v2\/pages\/37"}],"wp:attachment":[{"href":"https:\/\/les-arias-grandest.fr\/index.php\/wp-json\/wp\/v2\/media?parent=3"}],"curies":[{"name":"wp","href":"https:\/\/api.w.org\/{rel}","templated":true}]}}