{"id":4456,"date":"2024-07-26T09:57:58","date_gmt":"2024-07-26T07:57:58","guid":{"rendered":"https:\/\/les-arias-grandest.fr\/?post_type=tribe_events&#038;p=4456"},"modified":"2024-07-26T09:57:58","modified_gmt":"2024-07-26T07:57:58","slug":"webinaire-decarbonation-de-lindustrie-agroalimentaire-methodes-etudes-de-cas-financements-le-13-septembre-a-11h","status":"publish","type":"tribe_events","link":"https:\/\/les-arias-grandest.fr\/index.php\/event\/webinaire-decarbonation-de-lindustrie-agroalimentaire-methodes-etudes-de-cas-financements-le-13-septembre-a-11h\/","title":{"rendered":"Webinaire \u00ab D\u00e9carbonation de l&rsquo;industrie agroalimentaire : m\u00e9thodes, \u00e9tudes de cas, financements \u00bb le 13 septembre \u00e0 11h !"},"content":{"rendered":"<div>Ne manquez pas notre webinaire \u00ab D\u00e9carbonation de l&rsquo;industrie agroalimentaire : m\u00e9thodes, \u00e9tudes de cas, financements \u00bb le 13 septembre \u00e0 11h !<\/div>\n<div>Organis\u00e9 par AGRIA Grand Est et CTCPA, ce webinaire abordera des sujets cl\u00e9s pour l&rsquo;industrie agroalimentaire :<\/div>\n<div><\/div>\n<ul>\n<li>M\u00e9thode Bilan Carbone \u00ae pour \u00e9valuer les \u00e9missions de gaz \u00e0 effets de serre<\/li>\n<li>R\u00e9sultats du projet ALLICE sur la d\u00e9carbonation de l&rsquo;industrie agroalimentaire : enjeux, \u00e9tudes de cas (st\u00e9rilisation, pasteurisation, s\u00e9chage, cuisson), t\u00e9moignages et contributions techniques<\/li>\n<li>Financements : diagnostic d\u00e9carbonation de BPI, appel \u00e0 projet ABF<\/li>\n<\/ul>\n<div>Intervenantes :<\/div>\n<ul>\n<li>Pauline AUDOYE, Chef de projets Environnement (CTCPA)<\/li>\n<li>Marie-Pierre LABAU, Responsable Environnement &amp; D\u00e9veloppement Durable, Directrice P\u00f4le Sud-Ouest (CTCPA)<\/li>\n<\/ul>\n<div><\/div>\n<div>Ce webinaire est une occasion unique d&rsquo;en apprendre davantage sur les derni\u00e8res avanc\u00e9es et les meilleures pratiques pour r\u00e9duire les \u00e9missions de gaz \u00e0 effet de serre dans le secteur agroalimentaire.<\/div>\n<div><\/div>\n<blockquote>\n<div><strong>Inscrivez-vous d\u00e8s maintenant : <u><a id=\"LPlnk507509\" href=\"https:\/\/forms.office.com\/e\/tTEi5nnuAM\" target=\"_blank\" rel=\"noopener noreferrer\" data-auth=\"NotApplicable\" data-linkindex=\"0\">https:\/\/forms.office.com\/e\/tTEi5nnuAM<\/a><\/u><\/strong><\/div>\n<\/blockquote>\n<div><\/div>\n<div><a href=\"http:\/\/www.iaa-lorraine.fr\">www.iaa-lorraine.fr<\/a><\/div>\n","protected":false},"excerpt":{"rendered":"<p>Ne manquez pas notre webinaire \u00ab D\u00e9carbonation de l&rsquo;industrie agroalimentaire : m\u00e9thodes, \u00e9tudes de cas, financements \u00bb le 13 septembre \u00e0 11h ! Organis\u00e9 par AGRIA Grand Est et CTCPA, [&hellip;]<\/p>\n","protected":false},"author":1,"featured_media":4455,"template":"","meta":{"om_disable_all_campaigns":false,"_monsterinsights_skip_tracking":false,"_monsterinsights_sitenote_active":false,"_monsterinsights_sitenote_note":"","_monsterinsights_sitenote_category":0,"_tribe_events_status":"","_tribe_events_status_reason":"","footnotes":""},"tags":[],"tribe_events_cat":[],"class_list":["post-4456","tribe_events","type-tribe_events","status-publish","has-post-thumbnail","hentry"],"aioseo_notices":[],"_links":{"self":[{"href":"https:\/\/les-arias-grandest.fr\/index.php\/wp-json\/wp\/v2\/tribe_events\/4456","targetHints":{"allow":["GET"]}}],"collection":[{"href":"https:\/\/les-arias-grandest.fr\/index.php\/wp-json\/wp\/v2\/tribe_events"}],"about":[{"href":"https:\/\/les-arias-grandest.fr\/index.php\/wp-json\/wp\/v2\/types\/tribe_events"}],"author":[{"embeddable":true,"href":"https:\/\/les-arias-grandest.fr\/index.php\/wp-json\/wp\/v2\/users\/1"}],"version-history":[{"count":0,"href":"https:\/\/les-arias-grandest.fr\/index.php\/wp-json\/wp\/v2\/tribe_events\/4456\/revisions"}],"wp:featuredmedia":[{"embeddable":true,"href":"https:\/\/les-arias-grandest.fr\/index.php\/wp-json\/wp\/v2\/media\/4455"}],"wp:attachment":[{"href":"https:\/\/les-arias-grandest.fr\/index.php\/wp-json\/wp\/v2\/media?parent=4456"}],"wp:term":[{"taxonomy":"post_tag","embeddable":true,"href":"https:\/\/les-arias-grandest.fr\/index.php\/wp-json\/wp\/v2\/tags?post=4456"},{"taxonomy":"tribe_events_cat","embeddable":true,"href":"https:\/\/les-arias-grandest.fr\/index.php\/wp-json\/wp\/v2\/tribe_events_cat?post=4456"}],"curies":[{"name":"wp","href":"https:\/\/api.w.org\/{rel}","templated":true}]}}

Webinaire « Décarbonation de l&rsquo;industrie agroalimentaire : méthodes, études de cas, financements » le 13 septembre à 11h !

<div>Ne manquez pas notre webinaire « Décarbonation de l&rsquo;industrie agroalimentaire : méthodes, études de cas, financements » le 13 septembre à 11h !</div>
<div>Organisé par AGRIA Grand Est et CTCPA, ce webinaire abordera des sujets clés pour l&rsquo;industrie agroalimentaire :</div>
<div></div>
<ul>
<li>Méthode Bilan Carbone ® pour évaluer les émissions de gaz à effets de serre</li>
<li>Résultats du projet ALLICE sur la décarbonation de l&rsquo;industrie agroalimentaire : enjeux, études de cas (stérilisation, pasteurisation, séchage, cuisson), témoignages et contributions techniques</li>
<li>Financements : diagnostic décarbonation de BPI, appel à projet ABF</li>
</ul>
<div>Intervenantes :</div>
<ul>
<li>Pauline AUDOYE, Chef de projets Environnement (CTCPA)</li>
<li>Marie-Pierre LABAU, Responsable Environnement &amp; Développement Durable, Directrice Pôle Sud-Ouest (CTCPA)</li>
</ul>
<div></div>
<div>Ce webinaire est une occasion unique d&rsquo;en apprendre davantage sur les dernières avancées et les meilleures pratiques pour réduire les émissions de gaz à effet de serre dans le secteur agroalimentaire.</div>
<div></div>
<blockquote>
<div><strong>Inscrivez-vous dès maintenant : <u><a id="LPlnk507509" href="https://forms.office.com/e/tTEi5nnuAM" target="_blank" rel="noopener noreferrer" data-auth="NotApplicable" data-linkindex="0">https://forms.office.com/e/tTEi5nnuAM</a></u></strong></div>
</blockquote>
<div></div>
<div><a href="http://www.iaa-lorraine.fr">www.iaa-lorraine.fr</a></div>

<p>Ne manquez pas notre webinaire « Décarbonation de l&rsquo;industrie agroalimentaire : méthodes, études de cas, financements » le 13 septembre à 11h ! Organisé par AGRIA Grand Est et CTCPA, [&hellip;]</p>
