{"id":4511,"date":"2024-08-02T10:19:02","date_gmt":"2024-08-02T08:19:02","guid":{"rendered":"https:\/\/les-arias-grandest.fr\/?post_type=tribe_events&#038;p=4511"},"modified":"2024-08-02T10:19:02","modified_gmt":"2024-08-02T08:19:02","slug":"webinaire-convention-des-entreprises-pour-le-climat-agri-agro","status":"publish","type":"tribe_events","link":"https:\/\/les-arias-grandest.fr\/index.php\/event\/webinaire-convention-des-entreprises-pour-le-climat-agri-agro\/","title":{"rendered":"Webinaire \u00ab Convention des Entreprises pour le Climat \u00bb \u2013 Agri\/Agro"},"content":{"rendered":"<p>La<strong>\u00a0Convention des Entreprises pour le Climat<\/strong>\u00a0est une association qui a pour but d\u2019aider les dirigeants \u00e0 transformer leur mod\u00e8le d\u2019affaires et tendre vers une \u00e9conomie r\u00e9g\u00e9n\u00e9rative.<\/p>\n<p><strong>La CEC se th\u00e9matise cette ann\u00e9e avec un parcours Agri &amp; Agro pour \u00eatre au plus proche des probl\u00e9matiques et des entreprises<\/strong>, transformer durablement l\u2019\u00e9conomie et faire \u00e9merger des solutions concr\u00e8tes et durables pour nos syst\u00e8mes alimentaires.<\/p>\n<p><strong><a title=\"INSCRIPTION\" href=\"https:\/\/www.vitagora.com\/webinaire-cec\/\" target=\"_blank\" rel=\"noopener\">INSCRIPTION<\/a><\/strong><\/p>\n<p><strong>Programme :<\/strong><\/p>\n<ul class=\"wp-block-list\">\n<li>Qu\u2019est-ce que la CEC ? Contexte, raison d\u2019\u00eatre, m\u00e9thodologie<\/li>\n<li>Parcours sp\u00e9cifique Agri\/Agro : Agenda, Contenu, Livrables<\/li>\n<li>Modalit\u00e9s de participation<\/li>\n<li>T\u00e9moignage d\u2019une entreprise ayant d\u00e9j\u00e0 suivi un parcours CEC<\/li>\n<li>Questions et R\u00e9ponses<\/li>\n<\/ul>\n<p><strong>Entreprises d\u00e9j\u00e0 inscrites au parcours Agri\/Agro\u00a0<\/strong><\/p>\n<figure class=\"wp-block-image\"><img decoding=\"async\" width=\"300\" height=\"168\" class=\"wp-image-4493 lazyload\" data-src=\"https:\/\/les-arias-grandest.fr\/wp-content\/uploads\/2024\/07\/image-2-300x168.png\" alt=\"\" data-srcset=\"https:\/\/les-arias-grandest.fr\/wp-content\/uploads\/2024\/07\/image-2-300x168.png 300w, https:\/\/les-arias-grandest.fr\/wp-content\/uploads\/2024\/07\/image-2-1024x573.png 1024w, https:\/\/les-arias-grandest.fr\/wp-content\/uploads\/2024\/07\/image-2-768x430.png 768w, https:\/\/les-arias-grandest.fr\/wp-content\/uploads\/2024\/07\/image-2-1536x859.png 1536w, https:\/\/les-arias-grandest.fr\/wp-content\/uploads\/2024\/07\/image-2-1320x738.png 1320w, https:\/\/les-arias-grandest.fr\/wp-content\/uploads\/2024\/07\/image-2.png 1920w\" data-sizes=\"(max-width: 300px) 100vw, 300px\" src=\"data:image\/gif;base64,R0lGODlhAQABAAAAACH5BAEKAAEALAAAAAABAAEAAAICTAEAOw==\" style=\"--smush-placeholder-width: 300px; --smush-placeholder-aspect-ratio: 300\/168;\" \/><\/figure>\n<figure class=\"wp-block-image\"><img decoding=\"async\" width=\"300\" height=\"172\" class=\"wp-image-4492 lazyload\" data-src=\"https:\/\/les-arias-grandest.fr\/wp-content\/uploads\/2024\/07\/thumbnail_image001-300x172.png\" alt=\"\" data-srcset=\"https:\/\/les-arias-grandest.fr\/wp-content\/uploads\/2024\/07\/thumbnail_image001-300x172.png 300w, https:\/\/les-arias-grandest.fr\/wp-content\/uploads\/2024\/07\/thumbnail_image001-1024x587.png 1024w, https:\/\/les-arias-grandest.fr\/wp-content\/uploads\/2024\/07\/thumbnail_image001-768x440.png 768w, https:\/\/les-arias-grandest.fr\/wp-content\/uploads\/2024\/07\/thumbnail_image001-1536x881.png 1536w, https:\/\/les-arias-grandest.fr\/wp-content\/uploads\/2024\/07\/thumbnail_image001-1320x757.png 1320w, https:\/\/les-arias-grandest.fr\/wp-content\/uploads\/2024\/07\/thumbnail_image001.png 1920w\" data-sizes=\"(max-width: 300px) 100vw, 300px\" src=\"data:image\/gif;base64,R0lGODlhAQABAAAAACH5BAEKAAEALAAAAAABAAEAAAICTAEAOw==\" style=\"--smush-placeholder-width: 300px; --smush-placeholder-aspect-ratio: 300\/172;\" \/><\/figure>\n<p><a href=\"http:\/\/www.les-arias-grandest.fr\/\">www.les-arias-grandest.fr<\/a><\/p>\n<p><a href=\"https:\/\/www.iaa-lorraine.fr\/\">www.iaa-lorraine.fr<\/a><\/p>\n","protected":false},"excerpt":{"rendered":"<p>La\u00a0Convention des Entreprises pour le Climat\u00a0est une association qui a pour but d\u2019aider les dirigeants \u00e0 transformer leur mod\u00e8le d\u2019affaires et tendre vers une \u00e9conomie r\u00e9g\u00e9n\u00e9rative. La CEC se th\u00e9matise [&hellip;]<\/p>\n","protected":false},"author":1,"featured_media":1894,"template":"","meta":{"om_disable_all_campaigns":false,"_monsterinsights_skip_tracking":false,"_monsterinsights_sitenote_active":false,"_monsterinsights_sitenote_note":"","_monsterinsights_sitenote_category":0,"_tribe_events_status":"","_tribe_events_status_reason":"","footnotes":""},"tags":[],"tribe_events_cat":[],"class_list":["post-4511","tribe_events","type-tribe_events","status-publish","has-post-thumbnail","hentry"],"aioseo_notices":[],"_links":{"self":[{"href":"https:\/\/les-arias-grandest.fr\/index.php\/wp-json\/wp\/v2\/tribe_events\/4511","targetHints":{"allow":["GET"]}}],"collection":[{"href":"https:\/\/les-arias-grandest.fr\/index.php\/wp-json\/wp\/v2\/tribe_events"}],"about":[{"href":"https:\/\/les-arias-grandest.fr\/index.php\/wp-json\/wp\/v2\/types\/tribe_events"}],"author":[{"embeddable":true,"href":"https:\/\/les-arias-grandest.fr\/index.php\/wp-json\/wp\/v2\/users\/1"}],"version-history":[{"count":0,"href":"https:\/\/les-arias-grandest.fr\/index.php\/wp-json\/wp\/v2\/tribe_events\/4511\/revisions"}],"wp:featuredmedia":[{"embeddable":true,"href":"https:\/\/les-arias-grandest.fr\/index.php\/wp-json\/wp\/v2\/media\/1894"}],"wp:attachment":[{"href":"https:\/\/les-arias-grandest.fr\/index.php\/wp-json\/wp\/v2\/media?parent=4511"}],"wp:term":[{"taxonomy":"post_tag","embeddable":true,"href":"https:\/\/les-arias-grandest.fr\/index.php\/wp-json\/wp\/v2\/tags?post=4511"},{"taxonomy":"tribe_events_cat","embeddable":true,"href":"https:\/\/les-arias-grandest.fr\/index.php\/wp-json\/wp\/v2\/tribe_events_cat?post=4511"}],"curies":[{"name":"wp","href":"https:\/\/api.w.org\/{rel}","templated":true}]}}

<p>La<strong> Convention des Entreprises pour le Climat</strong> est une association qui a pour but d’aider les dirigeants à transformer leur modèle d’affaires et tendre vers une économie régénérative.</p>
<p><strong>La CEC se thématise cette année avec un parcours Agri &amp; Agro pour être au plus proche des problématiques et des entreprises</strong>, transformer durablement l’économie et faire émerger des solutions concrètes et durables pour nos systèmes alimentaires.</p>
<p><strong><a title="INSCRIPTION" href="https://www.vitagora.com/webinaire-cec/" target="_blank" rel="noopener">INSCRIPTION</a></strong></p>
<p><strong>Programme :</strong></p>
<ul class="wp-block-list">
<li>Qu’est-ce que la CEC ? Contexte, raison d’être, méthodologie</li>
<li>Parcours spécifique Agri/Agro : Agenda, Contenu, Livrables</li>
<li>Modalités de participation</li>
<li>Témoignage d’une entreprise ayant déjà suivi un parcours CEC</li>
<li>Questions et Réponses</li>
</ul>
<p><strong>Entreprises déjà inscrites au parcours Agri/Agro </strong></p>
<figure class="wp-block-image"><img decoding="async" width="300" height="168" class="wp-image-4493 lazyload" data-src="https://les-arias-grandest.fr/wp-content/uploads/2024/07/image-2-300x168.png" alt="" data-srcset="https://les-arias-grandest.fr/wp-content/uploads/2024/07/image-2-300x168.png 300w, https://les-arias-grandest.fr/wp-content/uploads/2024/07/image-2-1024x573.png 1024w, https://les-arias-grandest.fr/wp-content/uploads/2024/07/image-2-768x430.png 768w, https://les-arias-grandest.fr/wp-content/uploads/2024/07/image-2-1536x859.png 1536w, https://les-arias-grandest.fr/wp-content/uploads/2024/07/image-2-1320x738.png 1320w, https://les-arias-grandest.fr/wp-content/uploads/2024/07/image-2.png 1920w" data-sizes="(max-width: 300px) 100vw, 300px" src="data:image/gif;base64,R0lGODlhAQABAAAAACH5BAEKAAEALAAAAAABAAEAAAICTAEAOw==" style="--smush-placeholder-width: 300px; --smush-placeholder-aspect-ratio: 300/168;" /></figure>
<figure class="wp-block-image"><img decoding="async" width="300" height="172" class="wp-image-4492 lazyload" data-src="https://les-arias-grandest.fr/wp-content/uploads/2024/07/thumbnail_image001-300x172.png" alt="" data-srcset="https://les-arias-grandest.fr/wp-content/uploads/2024/07/thumbnail_image001-300x172.png 300w, https://les-arias-grandest.fr/wp-content/uploads/2024/07/thumbnail_image001-1024x587.png 1024w, https://les-arias-grandest.fr/wp-content/uploads/2024/07/thumbnail_image001-768x440.png 768w, https://les-arias-grandest.fr/wp-content/uploads/2024/07/thumbnail_image001-1536x881.png 1536w, https://les-arias-grandest.fr/wp-content/uploads/2024/07/thumbnail_image001-1320x757.png 1320w, https://les-arias-grandest.fr/wp-content/uploads/2024/07/thumbnail_image001.png 1920w" data-sizes="(max-width: 300px) 100vw, 300px" src="data:image/gif;base64,R0lGODlhAQABAAAAACH5BAEKAAEALAAAAAABAAEAAAICTAEAOw==" style="--smush-placeholder-width: 300px; --smush-placeholder-aspect-ratio: 300/172;" /></figure>
<p><a href="http://www.les-arias-grandest.fr/">www.les-arias-grandest.fr</a></p>
<p><a href="https://www.iaa-lorraine.fr/">www.iaa-lorraine.fr</a></p>

<p>La Convention des Entreprises pour le Climat est une association qui a pour but d’aider les dirigeants à transformer leur modèle d’affaires et tendre vers une économie régénérative. La CEC se thématise [&hellip;]</p>
